 Suppose -26*b + 1293 - 2631 = -1312. Is s/78*(b - (-667)/(-2)) a composite number?
False
Let m = -9974 + 23301. Is m composite?
False
Let r = -122 - -129. Suppose -26 - r = -3*q. Let v(j) = 30*j + 49. Is v(q) prime?
True
Suppose -16*j + 2195444 = -7939196. Is j composite?
True
Suppose -277*n = 4*i - 279*n - 71536, -18 = 3*n. Is i a composite number?
False
Let d(c) = 5865*c + 145. Let w be d(27). Suppose 0 = -18*m + w + 65618. Is m composite?
False
Let k = -1306 + -1968. Let y(o) = -o - 2. Let p be y(-2). Is 1 - (0 + p) - (k - -24) prime?
True
Suppose 3*n - 429 = -3*l, 0 = -2*n - 3*n + 2*l + 722. Let o be (n/(-27))/((-1)/18). Suppose 3*u = b + 5*u - o, u = b - 93. Is b a prime number?
False
Suppose -145*t = -693170 - 6020475. Is t prime?
True
Suppose m = -4*m - 10. Let y be -1 - (m + (2 - 4)). Suppose i - 3*r - 1016 = 0, y*r - 6*r + 3060 = 3*i. Is i composite?
False
Let z(p) = 5*p + 6. Let i be z(2). Is 1/((1/(-4))/((-6836)/i)) composite?
False
Let y(g) = -39885*g - 53. Let r be y(-1). Suppose r = -11*l + 289433. Is l a prime number?
True
Let z be 8/36 - 344/(-72). Is 1/z*1 - (-536544)/230 a composite number?
False
Suppose -38*m - 469827 = -65*m. Is m a composite number?
False
Let m(b) = -b**2 + 13*b + 2. Let t be m(13). Suppose 5*h + k + t*k = 1323, 5*k = h - 259. Let j = 2173 + h. Is j composite?
False
Let q(j) = -180*j - 14. Let k be q(-6). Suppose -3*l + k = -662. Is l - (-2 - 2/(6/3)) a composite number?
True
Suppose 83*g + 64 = 91*g. Suppose -6*i + 2*i + 5656 = -3*b, -2*b - g = 0. Is i prime?
False
Suppose -20235256 - 248767 = -53*q. Is q a composite number?
True
Suppose 0 = -34*m - 158*m + 17495232. Is m a prime number?
True
Suppose 3*r + 15 = 0, 5*r + 14822 = z - 10161. Let x = 55497 - z. Is x prime?
True
Let t = -45 - -44. Let m = 1 - t. Suppose -m*y + b + 680 = -216, -2*y + 892 = b. Is y prime?
False
Let u = -30 - -28. Let f be (-12)/(-5) - u/20*-4. Suppose 0 = y - 2*y + f*b + 179, 537 = 3*y - 3*b. Is y composite?
False
Suppose 440*n - 437*n = 423. Suppose p = 1502 - n. Is p prime?
True
Suppose -4*q - 46 = 5*b, 59*b + 4*q - 14 = 64*b. Let w(r) = 11*r - 11 + 5*r**2 - 2*r**2 - 4*r**3 + 0*r**3. Is w(b) prime?
False
Let l be (288/(-108))/((-4)/6). Suppose 2*j = -5*s + 3983, l*s - 2394 = s + 3*j. Is s a composite number?
False
Suppose 0 = 28*s - 1667132 - 451736 - 2869360. Is s prime?
True
Is ((-8087152)/(-120) + (-14)/(-10))*3 prime?
True
Suppose -14 = -2*y + 5*r + 12, -2*r = 8. Let p be 4*(-4)/(-48) + 80/y. Is (-3503)/(-9) + (-6)/p a composite number?
False
Let q(x) = 29825*x**2 - 106*x + 296. Is q(3) prime?
True
Let c = -10102 - -17717. Is c prime?
False
Is ((1 - 6) + 9)*(278205/20 - -4) composite?
True
Suppose -47*f = -44*f - 2796. Let l = f - -3011. Is l prime?
True
Suppose 0 = -3*s, 0 = -4*f - 2*s - 3*s - 8. Let a(o) be the third derivative of -169*o**4/12 + o**3/2 - 18*o**2. Is a(f) a prime number?
False
Suppose -10*q - 6204 + 254 = 0. Let j = q - -1512. Is j composite?
True
Suppose -5*n = -3*g - 649240, 5*n + 15*g = 17*g + 649235. Is n a prime number?
False
Let d(n) = -2*n**3 - 15*n**2 - 9*n + 16. Let j be d(-7). Is (-20)/25 + 94824/j + -5 composite?
True
Let m be 0 + 14*1 + 39/(-13). Suppose -67331 = -m*r + 23496. Is r composite?
True
Let m = 90123 - 7085. Is m a composite number?
True
Suppose -5*f + 16 + 4 = 0, 5*f - 8 = 4*u. Suppose -u*b - 151 = -2*l, -2*b = -4*l + 157 + 165. Is l a composite number?
False
Suppose -222*r + 307*r = 1926865. Is r composite?
False
Let y = 361 + -358. Suppose -y*z + 14252 = z. Is z a prime number?
False
Let w be -3 + 2 + -3 - -38. Suppose -5*m - w = 4*g, 4*g + 12 + 20 = -4*m. Is 2144/6 - g/9 a composite number?
True
Let f = -134 - -513. Let k = f - 221. Is k prime?
False
Let a(n) = n - 5. Let w = 111 - 105. Let g be a(w). Is -1 + 1191 + (g - -2) a prime number?
True
Let i(k) = k**3 - 16*k**2 - 17*k + 3. Let y = -44 - -61. Let l be i(y). Is 13566/9 - l/9 a prime number?
False
Suppose -13 = -z - 6. Let w(b) = 61*b - 549. Let c be w(9). Suppose z*d - 10*d + 1497 = c. Is d a composite number?
False
Suppose 103*g - 118*g + 25065 = 0. Is g composite?
True
Let x(p) = 25*p**2 - 57*p**3 - 7*p**2 + 17 - 12*p**2 - 12*p**2. Is x(-4) prime?
False
Let c = 1517 - 1518. Let x(p) = p**3 - p**2 + p. Let b(z) = 2400*z**3 + 5*z**2 - 7*z - 2. Let r(u) = -b(u) - 4*x(u). Is r(c) a composite number?
True
Let s be 9 - (70/56 - 6/(-8)). Suppose -10*v + 38573 = s*v. Is v a prime number?
True
Let i(g) = -2200*g - 1299. Is i(-64) a composite number?
False
Let y(r) be the third derivative of -r**6/120 + 13*r**5/20 + 23*r**4/4 - 35*r**3/6 - 2*r**2 - 5. Is y(32) a prime number?
True
Let f be (-46562)/(-10) - 36/(-45). Suppose 3*j = 4*j - 4*k - 2318, k + f = 2*j. Is 9*6/(-45)*j/(-4) prime?
False
Let q(k) = k**3 - 13*k**2 + 16*k - 24. Let j be q(12). Suppose -4*t - 3 = 1, -4*d + j = -4*t. Is (-3)/3 + (485 - d) a prime number?
True
Suppose 4*v - 4083 = -899. Let a be (4 - v/10)*10. Is ((-15)/6)/(-5)*(6 - a) prime?
False
Let r = 5 + -13. Is 2/r*(41392 - 6)*-2 a composite number?
False
Let l = -247 + 249. Suppose 0 = l*o - v - 2090, -8 = 6*v - 4*v. Is o composite?
True
Let u be ((8 - 13) + -18)/(-1). Let b(i) = i**3 - 21*i**2 - 40*i + 71. Is b(u) prime?
False
Is 1/7*(938699 + 372) prime?
True
Let b = 237 + -219. Is 5700 - -1 - (2 - b/9) a composite number?
False
Suppose 10*o - 14*o + 104555 = -c, -o - 2*c = -26141. Is (-9)/((-9)/(-4)) + o a composite number?
True
Suppose -3*m - 254*a = -252*a - 131071, 0 = m - 3*a - 43694. Is m composite?
False
Let i = 1470284 - -2965671. Is i a prime number?
False
Let y be (302*-5)/(20 + -21). Let a = y + 897. Is a prime?
False
Let b = -109196 + 385029. Is b a prime number?
False
Let v(a) = a**3 + 31*a**2 - 87*a + 28. Let q be v(-33). Let r = 1208 - q. Is r a composite number?
False
Let v be -4 - (-4 + 9 + 101). Let t = 456 + v. Let w = 3068 - t. Is w composite?
True
Suppose -4*h - 29 - 95 = 2*b, 142 = -2*b + 5*h. Let j = -66 - b. Suppose -4*c - 3*f + 7690 = 0, j*f - 5767 = -3*c - 2*f. Is c a composite number?
True
Let s(i) = i**3 + 42*i**2 + 43*i + 53. Is s(-39) prime?
True
Suppose -74*l + 70*l = 3*d - 1466074, 6 = 3*d. Is l a prime number?
True
Suppose -i - 1540 = -15*u + 12*u, -2*u + 3*i = -1015. Let b(y) = -y - 6. Let o be b(-5). Is u - (-1 + 3)*o composite?
True
Let j be 4 - (-13)/(-1)*(-26)/(-2). Let h = j + 251. Suppose -84*p = -h*p + 5918. Is p a composite number?
True
Let w(s) be the third derivative of 43*s**4/12 + s**3/2 + 58*s**2. Let y be 0 - (1 + 3)*-1. Is w(y) a composite number?
False
Suppose -5*b + 36561 = 2*b. Suppose -6663 = -3*g + b. Suppose -z = 2 + 3, 3*f = z + g. Is f composite?
False
Suppose -a + 0*a - 20 = -5*q, -3*a - 4*q = -35. Suppose -m + 2*c = -14097, a*m - 58909 = -3*c + 11641. Is m a prime number?
True
Let z = -100063 + 233864. Is z a composite number?
False
Suppose -2*y + 292278 = 4*p, -5*y + 711 = -p + 73775. Is p composite?
True
Let x = 208 + -210. Is (-12919)/(-6) - x/(-12) a composite number?
False
Is 147/126*6 + (4201332 - -2)/2 prime?
False
Let h = 11 + -11. Suppose -3*i - 2*i + 10 = 0, 4*z + 5*i + 558 = h. Let x = 221 + z. Is x composite?
False
Suppose 4*f = -4*s + 480468, -2*f + 93970 + 146260 = 3*s. Is f a prime number?
True
Suppose 0 = -529*v + 534*v - 314095. Is v composite?
False
Suppose -5*a = 4 - 9. Let d be (-1)/((-5)/(-5))*-9573*a. Suppose 2*z - 6*z + d = j, z - 2396 = -3*j. Is z a composite number?
False
Let h be (2 - 1) + -3 + -2. Let d be 5 + (-5)/5 + h. Suppose -15*s + 14*s + 821 = d. Is s composite?
False
Is ((-4)/(-18) - (-58)/(-18)) + (-333666240)/(-708) prime?
True
Let f(l) = -l**2 + 14*l - 44. Suppose -17*c + 84 = -5*c. Let d be f(c). Suppose i - 161 = -4*v - 6, 0 = -5*i + d*v + 675. Is i a composite number?
False
Suppose -y - y = -3*j + 42757, 4*j - 57017 = -5*y. Suppose 0 = 44*s - 47*s + j. Is s prime?
True
Let r(x) be the second derivative of x**5/20 - 7*x**4/12 + 3*x**3/2 - 8*x**2 - 4*x. Let b be r(6). Suppose 0 = -b*u + u + 1259. Is u a prime number?
True
Suppose 14 = -t + 124. Suppose -2*k - 3*v + 11 = -111, 2*k - 3*v - t = 0. Suppose -62*p + k*p + 13772 = 0. Is p prime?
False
Let d = -117 + 119. Suppose -d*j - 4 = 10. Is j + (-99)/(-9) - -37*79 prime?
True
Let a = -43126 - -67838. Suppose -16*q - 1336 + a = 0. Is q a composite numb